323526680?
2, 3, 5, 7, 525209
What are the prime factors of 27619783?
647, 42689
What are the prime factors of 724622565?
3, 5, 29, 577, 2887
What are the prime factors of 2471480?
2, 5, 11, 41, 137
What are the prime factors of 67351496?
2, 8418937
What are the prime factors of 902253384?
2, 3, 23, 193, 941
What are the prime factors of 385443891?
3, 7, 6118157
List the prime factors of 2896692723.
3, 163, 1974569
What are the prime factors of 58250062?
2, 13, 37, 151, 401
List the prime factors of 133744108.
2, 163, 205129
What are the prime factors of 1693993681?
37, 3347, 13679
List the prime factors of 6999791612.
2, 11, 443, 359111
List the prime factors of 152863629.
3, 50954543
List the prime factors of 1297539872.
2, 40548121
List the prime factors of 3287766.
2, 3, 17, 32233
List the prime factors of 1456515657.
3, 491, 329603
What are the prime factors of 1133855050?
2, 5, 29, 781969
What are the prime factors of 7146258761?
1697, 4211113
List the prime factors of 4712241235.
5, 13, 4987, 14537
List the prime factors of 2678234237.
7, 223, 1715717
What are the prime factors of 160813101?
3, 53604367
What are the prime factors of 675775950?
2, 3, 5, 379, 11887
List the prime factors of 4799821881.
3, 53, 79, 211, 1811
List the prime factors of 4004213343.
3, 13, 102672137
List the prime factors of 2772925988.
2, 7, 99033071
List the prime factors of 563097707.
23, 97, 383, 659
What are the prime factors of 310793014?
2, 7, 17, 877, 1489
List the prime factors of 4471703763.
3, 1490567921
What are the prime factors of 170128591?
97, 1753903
List the prime factors of 1263254249.
1263254249
List the prime factors of 141862699.
11, 37, 31687
What are the prime factors of 2003404735?
5, 400680947
What are the prime factors of 811754671?
7, 13, 73, 89, 1373
List the prime factors of 2001338270.
2, 5, 200133827
What are the prime factors of 849850475?
5, 47, 61, 71, 167
List the prime factors of 2232178198.
2, 23, 29, 1673297
What are the prime factors of 5035384181?
23, 218929747
What are the prime factors of 17894864?
2, 13, 227, 379
What are the prime factors of 199067953?
7, 28438279
List the prime factors of 1907096521.
11, 29, 197, 30347
What are the prime factors of 545706550?
2, 5, 43, 53, 4789
What are the prime factors of 106063714?
2, 17, 43, 72547
What are the prime factors of 3836955235?
5, 1279, 599993
What are the prime factors of 4707808413?
3, 7, 11, 20380123
List the prime factors of 75786667.
11, 739, 9323
List the prime factors of 2366501108.
2, 591625277
What are the prime factors of 16801710?
2, 3, 5, 283, 1979
List the prime factors of 179915643.
3, 101, 197927
List the prime factors of 62091445.
5, 13, 197, 373
What are the prime factors of 40683596?
2, 23, 109, 4057
What are the prime factors of 72717499?
2447, 29717
What are the prime factors of 258732230?
2, 5, 317, 81619
List the prime factors of 2629195711.
23, 3821, 29917
List the prime factors of 798841445.
5, 159768289
What are the prime factors of 327914375?
5, 307, 1709
List the prime factors of 93225843.
3, 3452809
What are the prime factors of 45654094?
2, 53, 430699
What are the prime factors of 32334227?
83, 389569
What are the prime factors of 279271468?
2, 7, 9973981
List the prime factors of 111613725.
3, 5, 211, 2351
What are the prime factors of 1472607398?
2, 2221, 331519
List the prime factors of 67742936.
2, 31, 273157
List the prime factors of 3188360857.
11, 743, 390109
What are the prime factors of 1125410386?
2, 2269, 247997
List the prime factors of 1624865792.
2, 11, 144253
What are the prime factors of 38527774?
2, 3929, 4903
What are the prime factors of 1314999587?
11, 271, 441127
What are the prime factors of 22592570?
2, 5, 7, 11, 13, 37, 61
What are the prime factors of 94423349?
23, 4105363
What are the prime factors of 59233567?
59233567
What are the prime factors of 271849158?
2, 3, 7, 308219
What are the prime factors of 352520701?
13, 23, 67, 17597
List the prime factors of 67598821.
3217, 21013
List the prime factors of 65182296.
2, 3, 2715929
What are the prime factors of 209104083?
3, 31, 59, 12703
What are the prime factors of 45207573?
3, 17, 811, 1093
What are the prime factors of 62147279?
7159, 8681
What are the prime factors of 615184454?
2, 307592227
What are the prime factors of 1101607667?
17, 47, 1378733
List the prime factors of 79748291.
7, 23, 67, 7393
What are the prime factors of 287989023?
3, 7, 19, 97, 1063
List the prime factors of 521759725.
5, 20870389
List the prime factors of 148812104.
2, 7, 19, 139861
List the prime factors of 550050284.
2, 7, 2806379
List the prime factors of 3773406452.
2, 157, 6008609
List the prime factors of 1633055897.
11, 2389, 62143
What are the prime factors of 856990760?
2, 5, 263, 81463
List the prime factors of 474806959.
11, 101, 427369
List the prime factors of 288123332.
2, 7, 113, 13009
What are the prime factors of 484949979?
3, 619, 87049
What are the prime factors of 35420044?
2, 11, 17, 47353
List the prime factors of 95534516.
2, 7, 11, 73, 607
What are the prime factors of 56013723?
3, 6223747
List the prime factors of 323203054.
2, 227, 443, 1607
List the prime factors of 49251692.
2, 7, 1758989
What are the prime factors of 3316654662?
2, 3, 552775777
List the prime factors of 2211830583.
3, 1489, 495149
What are the prime factors of 54430129?
13, 29, 353, 409
List the prime factors of 45779534.
2, 41, 558287
What are the prime factors of 1311611?
7, 187373
What are the prime factors of 760254100?
2, 5, 137, 211, 263
What are the prime factors of 103839324?
2, 3, 43, 61, 3299
What are the prime factors of 266895528?
2, 3, 257, 43271
What are the prime factors of 14549555?
5, 47, 101, 613
List the prime factors of 7708809.
3, 29, 88607
What are the prime factors of 3299856498?
2, 3, 443, 413827
List the prime factors of 2224371279.
3, 13, 57035161
What are the prime factors of 504237429?
3, 56026381
What are the prime factors of 89767039?
19, 47, 100523
List the prime factors of 8783241863.
11, 23, 3917, 8863
List the prime factors of 867074602.
2, 1613, 268777
List the prime factors of 30617832.
2, 3, 7, 31, 5879
List the prime factors of 212314601.
212314601
What are the prime factors of 57914181?
3, 13, 41, 12073
What are the prime factors of 23001478?
2, 127, 137, 661
List the prime factors of 197601197.
19, 2647, 3929
List the prime factors of 647939195.
5, 41, 631, 5009
What are the prime factors of 2959658059?
229, 12924271
List the prime factors of 18281725.
5, 7, 11, 9497
What are the prime factors of 238357655?
5, 47671531
List the prime factors of 1436844805.
5, 11, 439, 59509
What are the prime factors of 3552203623?
331, 953, 11261
List the prime factors of 879802172.
2, 219950543
What are the prime factors of 249511228?
2, 61, 149, 6863
List the prime factors of 78787103.
113, 467, 1493
What are the prime factors of 293335371?
3, 7, 37, 41947
List the prime factors of 115546995.
3, 5, 439, 5849
List the prime factors of 786801606.
2, 3, 79, 1659919
What are the prime factors of 342570532?
2, 19, 4507507
What are the prime factors of 405637111?
11, 127, 293, 991
List the prime factors of 526183932.
2, 3, 17, 2579333
List the prime factors of 962031317.
13, 563, 10111
List the prime factors of 101205816.
2, 3, 89, 47381
List the prime factors of 49202385.
3, 5, 79, 41521
List the prime factors of 180852799.
180852799
What are the prime factors of 1279335715?
5, 7, 113, 323473
What are the prime factors of 36194866?
2, 53, 341461
List the prime factors of 1667261179.
17, 98074187
What are the prime factors of 101178269?
43, 109, 21587
What are the prime factors of 47779490?
2, 5, 11, 19, 22861
List the prime factors of 141049021.
47, 947, 3169
What are the prime factors of 3357875672?
2, 419734459
What are the prime factors of 152755173?
3, 5657599
List the prime factors of 766376367.
3, 61, 293, 14293
What are the prime factors of 78909319?
29, 659, 4129
What are the prime factors of 299851295?
5, 61, 983119
List the prime factors of 924788971.
373, 2479327
List the prime factors of 153241740.
2, 3, 5, 17, 16693
List the prime factors of 43867441.
4271, 10271
What are the prime factors of 2668439451?
3, 889479817
List the prime factors of 2765860